 + 24. Suppose u*y - 9*y = -9. Suppose y*n + h = 152, -2*h + 41 = 2*n - 63. What are the prime factors of n?
2, 5
Suppose -37*i = -14*i - 47081. List the prime factors of i.
23, 89
Suppose 0 = h + 2, -3*h + 326 = 3*m + 2*h. Let j = m + -74. What are the prime factors of j?
2, 19
Suppose -4*k - 4*z + 6*z = -1406, 5*k = z + 1759. What are the prime factors of k?
2, 11
Let a be 45/(-27) - 16/(-6). Let p(n) = -12*n + 1. Let j(o) = -o**2 - o. Let f(g) = a*j(g) + p(g). List the prime factors of f(-7).
43
Let o = 1106 - 722. What are the prime factors of o?
2, 3
Suppose o + 1815 = 6*o. Let u = -228 + o. What are the prime factors of u?
3, 5
Let s be (-3 - (-3 + 0))*5/10. Suppose 5*d - 268 - 157 = s. List the prime factors of d.
5, 17
Suppose 3*w + 14 = 4*d, -6*w = 5*d - w. Suppose -v = 2*q - 268, v - 272 = -d*q + 2*v. What are the prime factors of q?
3, 5
Let c(t) = -54*t + 12. Let r(i) = -19*i + 4. Let w(f) = -6*c(f) + 17*r(f). Let x(k) = 7*k**2 + k. Let g be x(-1). List the prime factors of w(g).
2
Let p = 70 + 52. Suppose -p = -3*q + n, n = -n - 4. What are the prime factors of q?
2, 5
Let o = 305 - 309. Let y(k) = k**3 + 10*k**2 - 2*k - 8. Let p be y(-9). List the prime factors of (p/(-14))/(2/o).
13
List the prime factors of ((-88)/(-30)*69)/(48/600).
2, 5, 11, 23
List the prime factors of 9/(-3) + 2 - (-10 + -111).
2, 3, 5
Suppose 2*m - 326 = -3*k, 0 = k + 4*k + m - 555. Suppose 2*l - k = 26. List the prime factors of l.
3, 23
Suppose -4*f = -x - 0*x - 39, -5*x + 21 = 4*f. Suppose -f*s - 2*s + 209 = 0. What are the prime factors of s?
19
Let p = 75 - 62. List the prime factors of p.
13
Let d = -5 + 9. Suppose -721 - 39 = -d*x. List the prime factors of x.
2, 5, 19
Let s(u) = u**2 + 39*u + 23. What are the prime factors of s(10)?
3, 19
Let n(l) = -l**2 - 8*l + 3. Let m be n(-8). Suppose m*s = 5*s - 94. What are the prime factors of s?
47
Let d(j) = 10*j - 47. Let v be d(-7). Let s = v - -188. What are the prime factors of s?
71
Suppose 3*q - 24 = -5*w, 2*q - 6 = 5*q. Suppose -3*t - 31 = -2*y, 4*y = -10*t + w*t + 32. What are the prime factors of y?
11
Let h(g) = g**2 + 12*g - 7. Let n be h(-12). Let x be (7/2)/n*-8. Suppose 0 = -k + 5, -6*c + c - x*k = -80. List the prime factors of c.
2, 3
Let c(i) = -i**2 - 2 + i**3 - 2 - 19*i + 8*i**2 + 22*i. What are the prime factors of c(-5)?
31
Suppose -5*k + 5*i + 5145 = 0, 0 = -5*k - 3*i + 2508 + 2677. List the prime factors of k.
2, 11, 47
Suppose -6*b + 3*b + 4*p = 4, 0 = 3*b + 3*p - 24. Suppose -3*m = -b*m + 4. What are the prime factors of (11 + 1 + 1)*m?
2, 13
Suppose -3*x + 81 = 5*l, 0*l = -l - 3*x + 9. Suppose 14*z - 12*z - l = 0. What are the prime factors of z?
3
Suppose 3963 = 3*x - 3*c, -1409 = -x + 4*c - 94. What are the prime factors of x?
3, 7
Let g(p) be the third derivative of -6*p**2 + 0 - 1/2*p**4 + 7/3*p**3 + 0*p - 1/60*p**5. List the prime factors of g(-11).
5
Let k(h) be the third derivative of -h**6/120 - h**5/20 - h**4/4 - 3*h**3/2 + 5*h**2. List the prime factors of k(-5).
71
Suppose -5*k = 2*s - 461, 5*s + 428 = 5*k - 47. What are the prime factors of k?
3, 31
Let v = 22 + -20. Suppose -4*d + 154 = -4*y + 22, 63 = v*d - y. What are the prime factors of d?
2, 3, 5
Suppose 3*m - 13 = 2. Suppose -3*o + u - 83 = -m*o, o - 31 = -4*u. What are the prime factors of o?
43
Suppose 21550 = 19*y - 67864. List the prime factors of y.
2, 13, 181
Suppose 2*v = -0*v + 70. Suppose 2*o + v = 3*o. Suppose 2*r - 4*a - 23 = -r, o = 4*r - a. List the prime factors of r.
3
List the prime factors of (-62)/5*(-4370)/76.
23, 31
Let j(r) = r**3 - 2*r**2 - r - 3. Let g be j(3). Let i be g/(-6)*-6 - -1. Suppose -i*a + 60 = a. What are the prime factors of a?
2, 3
Let l = 2 - 9. Let n = l + 9. Suppose 3*b - 12 = -3*d + 12, n*b + 3*d - 20 = 0. What are the prime factors of b?
2
Let r(g) = -g**3 - 11*g**2 - 12*g - 14. Let x be r(-10). Let v be x/((-2)/(6/(-9))). Suppose -3*f + 12 = -3*c, 3*f + v*c = -f + 16. List the prime factors of f.
2
Let f(s) = s**2 - 4*s - 8. Let d be f(5). Let j(y) = 10*y + 1. Let g be j(-1). Let z = d - g. What are the prime factors of z?
2, 3
List the prime factors of 707 - (11 + -6) - 9.
3, 7, 11
Suppose 4*s - 3484 = -5*i + 5*s, -2*i = -4*s - 1408. What are the prime factors of i?
2, 3, 29
Suppose -q = -6*q + 580. Let c = -76 + q. List the prime factors of (c/(-6))/((-20)/210).
2, 5, 7
Suppose 50*k - 36624 = -6974. What are the prime factors of k?
593
Let j = -14 - -14. Let p(v) = -3*v**2 - 4*v - v**2 - v**3 + j*v**2 + 9*v - 9. List the prime factors of p(-6).
3, 11
Let c(d) = -2*d**2 - 9*d - 8. Let u be c(-7). Let n = -23 - u. Suppose -b - n = -6*b. What are the prime factors of b?
2
Suppose 23408 = 22*z + 16*z. What are the prime factors of z?
2, 7, 11
Let i(m) = m**3 - 5*m**2 + 6*m + 1. Let o be i(5). Let r(p) = p - 5. Let a be r(-5). Let y = a + o. List the prime factors of y.
3, 7
Let i(q) = -q**3 - 7*q**2 + 2*q. Let a be i(-7). What are the prime factors of (15/(-9) - -1)/(a/1281)?
61
Suppose 3*j - 12 = 3*i, 3*j + 4*i + 1 + 1 = 0. Suppose 4*h = -j*h + 612. Suppose -p + h = 5*p. List the prime factors of p.
17
Let s = -16 + 18. Suppose -d + 45 = -2*g, 103 = s*d + 2*g + 7. Suppose 5*p = 0, -b + d = -3*p - 0*p. What are the prime factors of b?
47
Let j(f) = 105*f - 2. Let i be j(2). Let q be 2/3 - 2562/(-18). Let k = i - q. What are the prime factors of k?
5, 13
Suppose 0 = -c + 213 - 16. Suppose 5*k - 533 = c. What are the prime factors of k?
2, 73
Let i(m) = m**2 + 5*m - 6. Let a be i(3). Let q(s) = s**3 - 5*s**2 - 5*s - 8. Let h be q(6). List the prime factors of (-1 - h) + -7 + a.
2, 3
What are the prime factors of (-2)/(-6) + 9495/(-27)*-10?
3517
Suppose -28*m = 8*m - 60876. What are the prime factors of m?
19, 89
Let m = 317 - 311. List the prime factors of m.
2, 3
Let w(x) = 4*x**3 - 18*x**2 - 21*x + 2. What are the prime factors of w(9)?
31, 41
Let k be (2 - -2) + 18/(-9). Suppose 3*b + 1 = -k. List the prime factors of (-50 + 15)/(-2 - b).
5, 7
Let y(q) = q**2 + 5*q + 3. Let z be y(-3). List the prime factors of 28 - (z - (4 + -11)).
2, 3
Let f(x) = -25 + 15 + 14 - 3*x + x**2. Suppose 0 = 2*p - 7 + 1. List the prime factors of f(p).
2
Let m be ((2 - -1) + -3)*1. Let b be (m - 29) + (-9 - -13). Let j = b - -51. List the prime factors of j.
2, 13
Let w(p) = -1846*p + 144. List the prime factors of w(-1).
2, 5, 199
Let t(o) = -4*o**3 + 3*o**2 + 6*o. What are the prime factors of t(-4)?
2, 5, 7
Suppose -4*x = 2*p - 574, 0*x - 4*x = 4*p - 1164. Suppose 2*c - p + 29 = 0. What are the prime factors of c?
7, 19
Let y(d) = 17*d**3 - 2*d**2 - d - 4. What are the prime factors of y(3)?
2, 7, 31
Suppose 5*l = -3 + 18. Suppose 3*o = 2*b + 78, l*b = -o - b + 12. List the prime factors of o.
2, 3
Suppose -13 = -4*r + 11. Suppose -f = 4*y - 6, -f - r = y + 3*f. What are the prime factors of (-8)/16 - (-5)/y?
2
Suppose 3*r = -5*k + 274 + 148, 0 = -2*k + 4*r + 148. List the prime factors of k.
2, 41
Suppose 23 = 3*t + 14. Suppose 4*g + 2*v = -0*v + 886, -2*v = t*g - 667. List the prime factors of g.
3, 73
Let h = 17 + 13. Let k = 30 - h. Suppose 2*i - i - 42 = k. What are the prime factors of i?
2, 3, 7
List the prime factors of (24876/(-360) + 2/(-5))*-6.
3, 139
Let t be (-23)/(-5) - (-30)/75. Suppose 4*l - 48 = 5*s, -77 = -t*l + s + s. List the prime factors of l.
17
Suppose 4*o + j - 26 = -1, -2*j = 4*o - 22. Suppose 0 = 4*w + 243 - o. What are the prime factors of (-2 - -1)*(-2 + w)?
61
Suppose 0 = -3*q + 6*q - 114. Let d be (-64)/6 - (-2)/(-6). Let b = d + q. What are the prime factors of b?
3
Let a(p) = -p**3 - 9*p**2 - 9*p - 4. Let t be a(-8). Suppose -9*i + t*i + 545 = 0. List the prime factors of i.
109
Suppose -7*m = -957 - 10922. List the prime factors of m.
1697
Let i be (-1 + 2)/((-16)/(-7856)). Let u = i - 339. Suppose -z - 3*z = -u. What are the prime factors of z?
2, 19
Let h(v) = v**2 - 6*v + 5. Let k be h(6). Suppose 13*n - 7*n = -24. What are the prime factors of (-4)/(n/3)*k?
3, 5
Let u(a) = 7*a**3 - 4*a**2 + 6*a - 4. Let f be u(2). Let l = f + 19. What are the prime factors of l?
67
Let q = 33 + -26. Suppose -1 = -4*y + q. Suppose y*o = -0*o + 32. List the prime factors of o.
2
List the prime factors of (-7650)/(-125)*(3 - 38/(-4)).
3, 5, 17
Let f = -5 + 26. Supp